 Suppose -a*n = 2*n - 1920. What is the highest common divisor of n and 80?
16
Suppose -178*q = -181*q + 6. Suppose -q*f + 254 = -2*c, -9*f = -7*f + c - 260. Calculate the greatest common divisor of f and 3.
3
Suppose 2 = 4*h - 14. Suppose h*v = 3*l - 28, -20 = -0*l - l + 4*v. Suppose -4 = 3*d + d, -l*d + 24 = 4*o. Calculate the highest common divisor of o and 2.
1
Let u be 3 - (35/11 + 30/(-165)). Suppose 2*t - 2*z = 3*z + 135, -5*z - 25 = u. Calculate the highest common factor of 11 and t.
11
Let t(l) = -l**3 + 17*l**2 + 37*l + 23. Let f be t(19). Suppose -f*z - 2*k = -414, -4*z = -k - 269 - 136. What is the greatest common divisor of 51 and z?
51
Let g(m) = -3*m**2 - 160*m - 1260. Let l be g(-10). Let r(d) = -6*d - 1. Let y be r(-1). Calculate the highest common factor of l and y.
5
Suppose -4*j = 5*p - 4612, 5*p + 3*j - 3667 - 947 = 0. Suppose -4*m - 220 = -p. What is the greatest common factor of 22 and m?
22
Suppose -2*d - v = 0, -6*d + 2*d + 14 = -5*v. Let i(z) = 91*z**3 - 5*z + 5. Let n be i(d). What is the highest common factor of 35 and n?
7
Let b be 9818 + (0 + -3)*(50/(-3) - -14). What is the highest common divisor of b and 34?
34
Suppose -18*l - 18*l = -l - 49385. Calculate the greatest common divisor of l and 166.
83
Suppose -19*u - 216 = -15*u. Let n = 12 - -58. Let f = n + u. Calculate the highest common divisor of f and 176.
16
Let y(r) = 260*r**2 - 17*r - 25. Let i be y(-3). What is the greatest common divisor of i and 910?
182
Let d(k) = -k**3 + 6*k**2 + 14*k + 20. Let f be d(8). Let t be (1/(-3))/(2/(-288)*f). Calculate the greatest common factor of t and 1068.
12
Suppose 0 = -4*h + 8 + 48. Let c be 7 + 8 + 68 + -6. Calculate the highest common factor of h and c.
7
Let i be -4 - 3 - (-11700)/12. Let h = 975 - i. Let x(g) = -2*g**3 - 5*g**2 - 3*g - 4. Let q be x(-3). Calculate the greatest common divisor of q and h.
7
Let o(y) = 6*y - 15. Let k be o(-4). Let f = k + 49. Suppose 4*w - f*w = -666. What is the greatest common divisor of 37 and w?
37
Suppose -4*m - 19*i = -21*i - 308, 0 = -2*m + 2*i + 158. Let n(b) = -128*b + 17. Let u be n(-11). Calculate the highest common divisor of u and m.
75
Let o = -10880 + 10924. Calculate the greatest common divisor of 7766 and o.
22
Let g be 4/(-22) - (402/33)/(-1). Suppose -3*l + 4 = -l. Suppose l*w - 424 = -3*w - 4*n, 2*w + 2*n = 170. What is the highest common factor of w and g?
12
Let w be 3 + (-15)/6*122. Let j = 613 - w. What is the highest common divisor of j and 30?
15
Suppose -2691 = -8*k + 467 + 922. Calculate the highest common divisor of k and 60.
30
Let s = 137 + -511. Let l be (-4)/1 - s/22. Calculate the highest common divisor of 208 and l.
13
Suppose -r + 2*u + 6910 = 668, -5*r = -3*u - 31224. What is the highest common divisor of 54 and r?
18
Let z(p) = 365*p - 340. Let d be z(1). Calculate the greatest common divisor of 780 and d.
5
Suppose -3*q - 10 = -2*k - 3, 4*k - 24 = 4*q. Let h be (13/(-156)*-99)/(-3 + 1116/368). Calculate the highest common factor of h and k.
11
Let z(d) = 185*d + 1845. Let o be z(-3). What is the highest common divisor of 120 and o?
30
Let r(m) = m**3 - 2*m**2 - 3*m + 45. Suppose 5*z + 26 = 51. Let x be r(z). Calculate the greatest common factor of 45 and x.
15
Let r(b) = -b**2 + 9*b - 2. Let t be r(9). Let u be 1 - t*(-3 - -4). Let j(m) = 21*m + 193. Let a be j(-9). Calculate the highest common factor of a and u.
1
Let s be (((-6)/(-4))/1)/(2/(-1076)). Let x = s + 1207. What is the greatest common divisor of x and 10?
10
Suppose -5*g + 2*h = -15, -2*h = -g - 0*h + 11. Suppose 2 = 5*n - 48. Suppose -4*w + 6 = -n. What is the highest common divisor of w and g?
1
Let b = -8167 + 8571. What is the highest common factor of b and 7171?
101
Suppose 3*a = 3*v + 346 - 1768, 0 = -4*v + 5*a + 1901. Suppose -466*c + v*c - 336 = 0. What is the highest common divisor of c and 616?
56
Suppose 462*s = 2*j + 458*s - 30302, -2*j = -2*s - 30308. Calculate the highest common divisor of 23 and j.
23
Let w = 13135 + -6710. What is the highest common factor of 75 and w?
25
Let y(x) = 3*x**2 + 22*x + 62. Let m be y(-7). Suppose 0*v - 14 = v + 5*g, 15 = -3*g. What is the greatest common divisor of v and m?
11
Let y = -192 - -191. Let w = y - -61. Calculate the highest common divisor of 20 and w.
20
Let d(g) = -2*g**3 - 5*g**2 - 5*g + 2. Let s be d(-4). Let b be ((-21)/(-5))/(3/(-20)*-2). Calculate the highest common factor of b and s.
14
Suppose 1 = r, 5*j + 25 - 76 = 4*r. Calculate the highest common divisor of 440 and j.
11
Let p be (-3*4/(-6))/(8 - 47736/5968). What is the greatest common factor of 2 and p?
2
Let i = 615 + -562. What is the greatest common factor of 1643 and i?
53
Suppose 1180 = 2*r + 256. Suppose -769 = 3*j - 5*w, 2*j + w = 7*j + 1289. Let l = -216 - j. What is the highest common divisor of r and l?
42
Let s = 124 + -51. Let k(o) = 2 - 10 + 100*o - s*o. Let f be k(2). What is the highest common divisor of f and 230?
46
Let n = -675 - -735. Suppose -m = 3*z - 29, 3*m = 17 - 2. Calculate the highest common divisor of z and n.
4
Let p be 187 - 18/((-162)/(-63)). What is the highest common factor of p and 576?
36
Let q(w) = 2*w. Let m be q(19). Suppose 0 = 4*r + 46 + m. Let g be 6 - 1 - (r + 23). Calculate the greatest common factor of g and 3.
3
Suppose -12*q - 8127 + 9171 = 0. Calculate the highest common factor of 33 and q.
3
Suppose 5*a = -5*l + 450, 5*a - 157 = -4*l + 293. Calculate the greatest common factor of 1650 and a.
30
Let t = -2606 + 2661. Let x(w) = -125*w - 5. Let y be x(-4). What is the greatest common factor of t and y?
55
Let x(v) = 5*v - 1. Let p be x(1). Let b be (-12)/p*-23 + -1. Calculate the greatest common divisor of 170 and b.
34
Suppose 2*t = 311 - 101. Suppose -18*i + 770 = 4*i. Calculate the highest common divisor of i and t.
35
Suppose -4*n + 3*p + 449 = 0, -3*p = -0*n + 3*n - 321. Let g be 2151/21 - 6/14. Let a = 146 - g. Calculate the highest common divisor of n and a.
22
Let n = -5587 - -5671. Calculate the greatest common divisor of n and 10.
2
Let k(b) be the third derivative of -b**5/30 - b**4/24 - 93*b**3/2 - 13*b**2. Let i be k(0). Let z = -104 - i. What is the greatest common factor of 25 and z?
25
Let b(j) = -124*j + 208. Let q be b(-5). What is the greatest common divisor of q and 460?
92
Let s(u) = -80*u + 34. Let x(i) = -16*i + 7. Let r = 77 - 74. Let t(l) = r*s(l) - 16*x(l). Let k be t(2). What is the greatest common divisor of 22 and k?
22
Let i(r) = -21*r - 138. Let b(u) = 20*u + 140. Let d(x) = -5*b(x) - 4*i(x). Let k be d(-18). What is the greatest common divisor of k and 175?
35
Let i be -45*(-4)/40*4 + -5. Suppose 5*j + 62 = 4*k, 2*j + 4 = -0*j. What is the greatest common divisor of k and i?
13
Let p be (-1)/(-3)*(-7 + 76). Suppose 102 = -20*d + p*d. Calculate the greatest common divisor of d and 17.
17
Let t(m) = -1 - 5 - 27*m - 6*m**2 + 3 + 7. Let z be t(-4). Suppose -260 = -3*w - 0*w - 4*h, -3*w = -3*h - 225. What is the greatest common factor of z and w?
16
Let s = -1738 - -1796. Suppose 5*o - 3*k - 294 = -k, -3*o + 5*k = -184. Calculate the greatest common factor of s and o.
58
Let z(a) = a**2 - 6*a + 14. Let v(d) = -2 + 1 + 2. Let j(r) = -4*v(r) + z(r). Let c be j(4). Calculate the highest common divisor of c and 18.
2
Let h(y) = -y + 15. Let z be h(5). Suppose 11 = z*g - 509. What is the greatest common factor of g and 416?
52
Let r be (-10207)/(-1)*((-2)/(-2))/(11 + -10). Calculate the highest common factor of 59 and r.
59
Suppose -12697 + 8281 = -16*h. Calculate the greatest common factor of 437 and h.
23
Let s be (-23)/2 - (1 + (-9)/6). Let l be (s + 10)*(-3)/1. Let m be -2 + 2 + (51 - l). What is the highest common divisor of m and 12?
12
Let o(g) = 89*g - 659. Let q be o(16). What is the greatest common factor of q and 1377?
153
Let z be 42940/57 + 4/6. Calculate the highest common factor of z and 87.
29
Let l = 581 + -213. Suppose 51*r - 1840 = -29*r. Calculate the greatest common divisor of l and r.
23
Let m be (30/(-8))/((-4)/16). Let q(b) = b**2 - 15*b + 2. Let h be q(m). Suppose 0 = -3*n + h*n + 135. Calculate the greatest common divisor of 15 and n.
15
Suppose 27 = 3*i + 3. Let m(r) = -2 - 2*r + i*r - 71*r**2 + 72*r**2. Let p be m(8). Calculate the greatest common divisor of 22